{"id":392,"date":"2017-02-28T11:39:58","date_gmt":"2017-02-28T10:39:58","guid":{"rendered":"http:\/\/2017.lublin.wordcamp.org\/?page_id=392"},"modified":"2018-06-07T14:52:25","modified_gmt":"2018-06-07T12:52:25","slug":"czym-jest-wordcamp","status":"publish","type":"page","link":"https:\/\/poznan.wordcamp.org\/2018\/czym-jest-wordcamp\/","title":{"rendered":"Czym jest WordCamp?"},"content":{"rendered":"<p><strong>Co roku na ca\u0142ym \u015bwiecie odbywaj\u0105 si\u0119 WordCampy &#8211; spotkania tw\u00f3rc\u00f3w, u\u017cytkownik\u00f3w oraz przede wszystkim pasjonat\u00f3w WordPressa.<\/strong><\/p>\n<p>S\u0105 tutaj osoby, kt\u00f3re na WordPressie opieraj\u0105 sw\u00f3j biznes oraz ci, kt\u00f3rzy go po prostu lubi\u0105. Wszyscy tworzymy globaln\u0105 spo\u0142eczno\u015b\u0107, kt\u00f3ra wsp\u00f3lnie przyczynia si\u0119 do ci\u0105g\u0142ego rozwoju WordPressa.<\/p>\n<p><img data-recalc-dims=\"1\" loading=\"lazy\" decoding=\"async\" data-attachment-id=\"2972\" data-permalink=\"https:\/\/poznan.wordcamp.org\/2018\/czym-jest-wordcamp\/wc_lublin\/\" data-orig-file=\"https:\/\/i0.wp.com\/poznan.wordcamp.org\/2018\/files\/2018\/03\/wc_lublin.jpg?fit=960%2C640&amp;ssl=1\" data-orig-size=\"960,640\" data-comments-opened=\"1\" data-image-meta=\"{&quot;aperture&quot;:&quot;0&quot;,&quot;credit&quot;:&quot;&quot;,&quot;camera&quot;:&quot;&quot;,&quot;caption&quot;:&quot;&quot;,&quot;created_timestamp&quot;:&quot;0&quot;,&quot;copyright&quot;:&quot;&quot;,&quot;focal_length&quot;:&quot;0&quot;,&quot;iso&quot;:&quot;0&quot;,&quot;shutter_speed&quot;:&quot;0&quot;,&quot;title&quot;:&quot;&quot;,&quot;orientation&quot;:&quot;0&quot;}\" data-image-title=\"wc_lublin\" data-image-description=\"\" data-image-caption=\"\" data-medium-file=\"https:\/\/i0.wp.com\/poznan.wordcamp.org\/2018\/files\/2018\/03\/wc_lublin.jpg?fit=300%2C200&amp;ssl=1\" data-large-file=\"https:\/\/i0.wp.com\/poznan.wordcamp.org\/2018\/files\/2018\/03\/wc_lublin.jpg?fit=740%2C493&amp;ssl=1\" class=\"aligncenter wp-image-2972 size-full\" src=\"https:\/\/i0.wp.com\/2018.poznan.wordcamp.org\/files\/2018\/03\/wc_lublin.jpg?resize=740%2C493&#038;ssl=1\" alt=\"WordCamp Lublin 2017\" width=\"740\" height=\"493\" srcset=\"https:\/\/i0.wp.com\/poznan.wordcamp.org\/2018\/files\/2018\/03\/wc_lublin.jpg?w=960&amp;ssl=1 960w, https:\/\/i0.wp.com\/poznan.wordcamp.org\/2018\/files\/2018\/03\/wc_lublin.jpg?resize=300%2C200&amp;ssl=1 300w, https:\/\/i0.wp.com\/poznan.wordcamp.org\/2018\/files\/2018\/03\/wc_lublin.jpg?resize=768%2C512&amp;ssl=1 768w, https:\/\/i0.wp.com\/poznan.wordcamp.org\/2018\/files\/2018\/03\/wc_lublin.jpg?resize=450%2C300&amp;ssl=1 450w\" sizes=\"auto, (max-width: 706px) 89vw, (max-width: 767px) 82vw, 740px\" \/><\/p>\n<h2>Podczas konferencji\u00a0we\u017amiesz udzia\u0142 w:<\/h2>\n<ul>\n<li><a href=\"https:\/\/2018.poznan.wordcamp.org\/czym-jest-contributor-day\/\">Contributor Day<\/a> i warsztatach (6 lipca)<\/li>\n<li>prelekcjach (7-8 lipca)<\/li>\n<\/ul>\n<p>Na poni\u017cszym video wyja\u015bniamy jak b\u0119dzie wygl\u0105da\u0107 tegoroczny WordCamp.<\/p>\n<p><span class=\"embed-youtube\" style=\"text-align:center; display: block;\"><iframe loading=\"lazy\" class=\"youtube-player\" width=\"740\" height=\"417\" src=\"https:\/\/www.youtube.com\/embed\/GYi5s9r2iKw?version=3&#038;rel=1&#038;showsearch=0&#038;showinfo=1&#038;iv_load_policy=1&#038;fs=1&#038;hl=pl-PL&#038;autohide=2&#038;wmode=transparent\" allowfullscreen=\"true\" style=\"border:0;\" sandbox=\"allow-scripts allow-same-origin allow-popups allow-presentation allow-popups-to-escape-sandbox\"><\/iframe><\/span><\/p>\n<h2>Dlaczego WordPress?<\/h2>\n<p>WordPress to \u0142atwe w u\u017cyciu i bezp\u0142atne oprogramowanie, udost\u0119pniane na otwartej licencji przez firm\u0119 Automattic. 30% wszystkich stron internetowych opartych jest na WordPressie. Na WordPressie zbudowa\u0107 mo\u017cna wszystko: od niewielkiego, osobistego bloga do oficjalnej strony New York Timesa.<\/p>\n<h2>WordCamp w Polsce<\/h2>\n<p>Spotkanie w Poznaniu b\u0119dzie ju\u017c dziewi\u0105tym polskim WordCampem! Z roku na rok konferencja przyci\u0105ga coraz wi\u0119ksz\u0105 liczb\u0119 prelegent\u00f3w oraz uczestnik\u00f3w z kraju i zagranicy.<\/p>\n<p><img data-recalc-dims=\"1\" loading=\"lazy\" decoding=\"async\" data-attachment-id=\"2973\" data-permalink=\"https:\/\/poznan.wordcamp.org\/2018\/czym-jest-wordcamp\/uczestnicy-wc-lublin\/\" data-orig-file=\"https:\/\/i0.wp.com\/poznan.wordcamp.org\/2018\/files\/2018\/03\/uczestnicy-wc-lublin.jpg?fit=1200%2C800&amp;ssl=1\" data-orig-size=\"1200,800\" data-comments-opened=\"1\" data-image-meta=\"{&quot;aperture&quot;:&quot;0&quot;,&quot;credit&quot;:&quot;&quot;,&quot;camera&quot;:&quot;&quot;,&quot;caption&quot;:&quot;&quot;,&quot;created_timestamp&quot;:&quot;0&quot;,&quot;copyright&quot;:&quot;&quot;,&quot;focal_length&quot;:&quot;0&quot;,&quot;iso&quot;:&quot;0&quot;,&quot;shutter_speed&quot;:&quot;0&quot;,&quot;title&quot;:&quot;&quot;,&quot;orientation&quot;:&quot;0&quot;}\" data-image-title=\"uczestnicy-wc-lublin\" data-image-description=\"\" data-image-caption=\"\" data-medium-file=\"https:\/\/i0.wp.com\/poznan.wordcamp.org\/2018\/files\/2018\/03\/uczestnicy-wc-lublin.jpg?fit=300%2C200&amp;ssl=1\" data-large-file=\"https:\/\/i0.wp.com\/poznan.wordcamp.org\/2018\/files\/2018\/03\/uczestnicy-wc-lublin.jpg?fit=740%2C494&amp;ssl=1\" class=\"aligncenter wp-image-2973 size-full\" src=\"https:\/\/i0.wp.com\/2018.poznan.wordcamp.org\/files\/2018\/03\/uczestnicy-wc-lublin.jpg?resize=740%2C493&#038;ssl=1\" alt=\"\" width=\"740\" height=\"493\" srcset=\"https:\/\/i0.wp.com\/poznan.wordcamp.org\/2018\/files\/2018\/03\/uczestnicy-wc-lublin.jpg?w=1200&amp;ssl=1 1200w, https:\/\/i0.wp.com\/poznan.wordcamp.org\/2018\/files\/2018\/03\/uczestnicy-wc-lublin.jpg?resize=300%2C200&amp;ssl=1 300w, https:\/\/i0.wp.com\/poznan.wordcamp.org\/2018\/files\/2018\/03\/uczestnicy-wc-lublin.jpg?resize=768%2C512&amp;ssl=1 768w, https:\/\/i0.wp.com\/poznan.wordcamp.org\/2018\/files\/2018\/03\/uczestnicy-wc-lublin.jpg?resize=1024%2C683&amp;ssl=1 1024w, https:\/\/i0.wp.com\/poznan.wordcamp.org\/2018\/files\/2018\/03\/uczestnicy-wc-lublin.jpg?resize=450%2C300&amp;ssl=1 450w\" sizes=\"auto, (max-width: 706px) 89vw, (max-width: 767px) 82vw, 740px\" \/><\/p>\n<p>Do tej pory spotkali\u015bmy si\u0119 w:<\/p>\n<ul>\n<li><a href=\"https:\/\/2017.lublin.wordcamp.org\/\">2017 &#8211; Lublin<\/a><\/li>\n<li><a href=\"https:\/\/2016.gdynia.wordcamp.org\/\">2016 &#8211; Gdynia<\/a><\/li>\n<li><a href=\"https:\/\/2015.krakow.wordcamp.org\/\">2015 &#8211; Krak\u00f3w<\/a><\/li>\n<li><a href=\"https:\/\/2014.warsaw.wordcamp.org\/\">2014 &#8211; Warszawa<\/a><\/li>\n<li><a href=\"https:\/\/2013.wroclaw.wordcamp.org\/\">2013 &#8211; Wroc\u0142aw<\/a><\/li>\n<li><a href=\"https:\/\/2012.gdansk.wordcamp.org\/\">2012 &#8211; Gda\u0144sk<\/a><\/li>\n<li><a href=\"https:\/\/2011.poznan.wordcamp.org\/\">2011 &#8211; Pozna\u0144<\/a><\/li>\n<li><a href=\"http:\/\/wcp2010.wpninja.pl\/\">2010 &#8211; \u0141\u00f3d\u017a<\/a><\/li>\n<\/ul>\n","protected":false},"excerpt":{"rendered":"<p>Co roku na ca\u0142ym \u015bwiecie odbywaj\u0105 si\u0119 WordCampy &#8211; spotkania tw\u00f3rc\u00f3w, u\u017cytkownik\u00f3w oraz przede wszystkim pasjonat\u00f3w WordPressa. S\u0105 tutaj osoby, kt\u00f3re na WordPressie opieraj\u0105 sw\u00f3j biznes oraz ci, kt\u00f3rzy go po prostu lubi\u0105. Wszyscy tworzymy globaln\u0105 spo\u0142eczno\u015b\u0107, kt\u00f3ra wsp\u00f3lnie przyczynia si\u0119 do ci\u0105g\u0142ego rozwoju WordPressa. Podczas konferencji\u00a0we\u017amiesz udzia\u0142 w: Contributor Day i warsztatach (6 lipca) &hellip; <\/p>\n<p class=\"link-more\"><a href=\"https:\/\/poznan.wordcamp.org\/2018\/czym-jest-wordcamp\/\" class=\"more-link\">Czytaj dalej<span class=\"screen-reader-text\"> \u201eCzym jest WordCamp?\u201d<\/span><\/a><\/p>\n","protected":false},"author":15364636,"featured_media":0,"parent":0,"menu_order":0,"comment_status":"closed","ping_status":"closed","template":"","meta":{"jetpack_post_was_ever_published":false,"footnotes":""},"class_list":["post-392","page","type-page","status-publish","hentry"],"jetpack_sharing_enabled":true,"jetpack_shortlink":"https:\/\/wp.me\/P9jHCf-6k","_links":{"self":[{"href":"https:\/\/poznan.wordcamp.org\/2018\/wp-json\/wp\/v2\/pages\/392","targetHints":{"allow":["GET"]}}],"collection":[{"href":"https:\/\/poznan.wordcamp.org\/2018\/wp-json\/wp\/v2\/pages"}],"about":[{"href":"https:\/\/poznan.wordcamp.org\/2018\/wp-json\/wp\/v2\/types\/page"}],"author":[{"embeddable":true,"href":"https:\/\/poznan.wordcamp.org\/2018\/wp-json\/wp\/v2\/users\/15364636"}],"replies":[{"embeddable":true,"href":"https:\/\/poznan.wordcamp.org\/2018\/wp-json\/wp\/v2\/comments?post=392"}],"version-history":[{"count":6,"href":"https:\/\/poznan.wordcamp.org\/2018\/wp-json\/wp\/v2\/pages\/392\/revisions"}],"predecessor-version":[{"id":4197,"href":"https:\/\/poznan.wordcamp.org\/2018\/wp-json\/wp\/v2\/pages\/392\/revisions\/4197"}],"wp:attachment":[{"href":"https:\/\/poznan.wordcamp.org\/2018\/wp-json\/wp\/v2\/media?parent=392"}],"curies":[{"name":"wp","href":"https:\/\/api.w.org\/{rel}","templated":true}]}}