{"id":1036,"date":"2017-03-22T11:30:30","date_gmt":"2017-03-22T10:30:30","guid":{"rendered":"http:\/\/2017.lublin.wordcamp.org\/?page_id=1036"},"modified":"2018-06-21T10:01:44","modified_gmt":"2018-06-21T08:01:44","slug":"promuj-wordcampa","status":"publish","type":"page","link":"https:\/\/poznan.wordcamp.org\/2018\/promuj-wordcampa\/","title":{"rendered":"Promuj WordCampa"},"content":{"rendered":"<p>Jak mo\u017cesz pom\u00f3c w promocji <strong>WordCampa<\/strong>?<\/p>\n<p>To proste:<\/p>\n<ol>\n<li>Udost\u0119pnij informacj\u0119 o konferencji na swoim ulubionym\u00a0<strong>profilu spo\u0142eczno\u015bciowym<\/strong><\/li>\n<li>Opowiedz o wydarzeniu znajomym i <strong>zapro\u015b ich do udzia\u0142u<\/strong> &#8211; wiesz, \u017ce warto \ud83d\ude42<\/li>\n<li>Ustaw poni\u017csz\u0105 grafik\u0119 jako &#8222;zdj\u0119cie w tle&#8221; na swoim profilu na <strong>Facebooku <\/strong>(grafika w przygotowaniu)<\/li>\n<\/ol>\n<p><a href=\"https:\/\/i0.wp.com\/2018.poznan.wordcamp.org\/files\/2018\/06\/wcpoz-uczestnik.jpg?ssl=1\"><img data-recalc-dims=\"1\" loading=\"lazy\" decoding=\"async\" data-attachment-id=\"4370\" data-permalink=\"https:\/\/poznan.wordcamp.org\/2018\/promuj-wordcampa\/wcpoz-uczestnik\/\" data-orig-file=\"https:\/\/i0.wp.com\/poznan.wordcamp.org\/2018\/files\/2018\/06\/wcpoz-uczestnik.jpg?fit=851%2C314&amp;ssl=1\" data-orig-size=\"851,314\" data-comments-opened=\"1\" data-image-meta=\"{&quot;aperture&quot;:&quot;0&quot;,&quot;credit&quot;:&quot;&quot;,&quot;camera&quot;:&quot;&quot;,&quot;caption&quot;:&quot;&quot;,&quot;created_timestamp&quot;:&quot;0&quot;,&quot;copyright&quot;:&quot;&quot;,&quot;focal_length&quot;:&quot;0&quot;,&quot;iso&quot;:&quot;0&quot;,&quot;shutter_speed&quot;:&quot;0&quot;,&quot;title&quot;:&quot;&quot;,&quot;orientation&quot;:&quot;0&quot;}\" data-image-title=\"wcpoz-uczestnik\" data-image-description=\"\" data-image-caption=\"\" data-medium-file=\"https:\/\/i0.wp.com\/poznan.wordcamp.org\/2018\/files\/2018\/06\/wcpoz-uczestnik.jpg?fit=300%2C111&amp;ssl=1\" data-large-file=\"https:\/\/i0.wp.com\/poznan.wordcamp.org\/2018\/files\/2018\/06\/wcpoz-uczestnik.jpg?fit=740%2C273&amp;ssl=1\" class=\"aligncenter wp-image-4370 size-full\" src=\"https:\/\/i0.wp.com\/2018.poznan.wordcamp.org\/files\/2018\/06\/wcpoz-uczestnik.jpg?resize=740%2C273&#038;ssl=1\" alt=\"\" width=\"740\" height=\"273\" srcset=\"https:\/\/i0.wp.com\/poznan.wordcamp.org\/2018\/files\/2018\/06\/wcpoz-uczestnik.jpg?w=851&amp;ssl=1 851w, https:\/\/i0.wp.com\/poznan.wordcamp.org\/2018\/files\/2018\/06\/wcpoz-uczestnik.jpg?resize=300%2C111&amp;ssl=1 300w, https:\/\/i0.wp.com\/poznan.wordcamp.org\/2018\/files\/2018\/06\/wcpoz-uczestnik.jpg?resize=768%2C283&amp;ssl=1 768w, https:\/\/i0.wp.com\/poznan.wordcamp.org\/2018\/files\/2018\/06\/wcpoz-uczestnik.jpg?resize=500%2C184&amp;ssl=1 500w\" sizes=\"auto, (max-width: 706px) 89vw, (max-width: 767px) 82vw, 740px\" \/><\/a><\/p>\n<p>Link do pe\u0142nej wersji:<br \/>\n<code><br \/>\nhttps:\/\/2018.poznan.wordcamp.org\/files\/2018\/06\/wcpoz-uczestnik.jpg<br \/>\n<\/code><\/p>\n","protected":false},"excerpt":{"rendered":"<p>Jak mo\u017cesz pom\u00f3c w promocji WordCampa? To proste: Udost\u0119pnij informacj\u0119 o konferencji na swoim ulubionym\u00a0profilu spo\u0142eczno\u015bciowym Opowiedz o wydarzeniu znajomym i zapro\u015b ich do udzia\u0142u &#8211; wiesz, \u017ce warto \ud83d\ude42 Ustaw poni\u017csz\u0105 grafik\u0119 jako &#8222;zdj\u0119cie w tle&#8221; na swoim profilu na Facebooku (grafika w przygotowaniu) Link do pe\u0142nej wersji: https:\/\/2018.poznan.wordcamp.org\/files\/2018\/06\/wcpoz-uczestnik.jpg<\/p>\n","protected":false},"author":15364636,"featured_media":0,"parent":0,"menu_order":0,"comment_status":"closed","ping_status":"closed","template":"","meta":{"jetpack_post_was_ever_published":false,"footnotes":""},"class_list":["post-1036","page","type-page","status-publish","hentry"],"jetpack_sharing_enabled":true,"jetpack_shortlink":"https:\/\/wp.me\/P9jHCf-gI","_links":{"self":[{"href":"https:\/\/poznan.wordcamp.org\/2018\/wp-json\/wp\/v2\/pages\/1036","targetHints":{"allow":["GET"]}}],"collection":[{"href":"https:\/\/poznan.wordcamp.org\/2018\/wp-json\/wp\/v2\/pages"}],"about":[{"href":"https:\/\/poznan.wordcamp.org\/2018\/wp-json\/wp\/v2\/types\/page"}],"author":[{"embeddable":true,"href":"https:\/\/poznan.wordcamp.org\/2018\/wp-json\/wp\/v2\/users\/15364636"}],"replies":[{"embeddable":true,"href":"https:\/\/poznan.wordcamp.org\/2018\/wp-json\/wp\/v2\/comments?post=1036"}],"version-history":[{"count":4,"href":"https:\/\/poznan.wordcamp.org\/2018\/wp-json\/wp\/v2\/pages\/1036\/revisions"}],"predecessor-version":[{"id":4372,"href":"https:\/\/poznan.wordcamp.org\/2018\/wp-json\/wp\/v2\/pages\/1036\/revisions\/4372"}],"wp:attachment":[{"href":"https:\/\/poznan.wordcamp.org\/2018\/wp-json\/wp\/v2\/media?parent=1036"}],"curies":[{"name":"wp","href":"https:\/\/api.w.org\/{rel}","templated":true}]}}